{"id":235,"date":"2017-02-21T18:10:47","date_gmt":"2017-02-21T17:10:47","guid":{"rendered":"http:\/\/stindubravy.cz\/?page_id=235"},"modified":"2017-03-02T19:43:25","modified_gmt":"2017-03-02T18:43:25","slug":"na-rybach","status":"publish","type":"page","link":"http:\/\/stindubravy.cz\/?page_id=235","title":{"rendered":"Na ryb\u00e1ch"},"content":{"rendered":"<div class=\"mp-row-fluid motopress-row mpce-dsbl-margin-left mpce-dsbl-margin-right\">\n<div class=\"motopress-clmn mp-span12  mpce-dsbl-margin-left mpce-dsbl-margin-right\">\n<div class=\"motopress-grid-gallery-obj motopress-grid-gallery-obj-basic\"><div class=\"mp-row-fluid\"><div class=\"mp-span4\"><a href=\"http:\/\/stindubravy.cz\/wp-content\/uploads\/2017\/02\/DSCF0138.jpg\" data-action=\"motopressGalleryLightbox\" target=\"_self\" title=\"\u010cuch\u00e1m \u010duch\u00e1m rybinu\"><img src=\"http:\/\/stindubravy.cz\/wp-content\/uploads\/2017\/02\/DSCF0138-800x600.jpg\" title=\"\u010cuch\u00e1m \u010duch\u00e1m rybinu\" alt=\"\u010cuch\u00e1m \u010duch\u00e1m rybinu\" \/><\/a><p class=\"motopress-image-caption\">\u010cuch\u00e1m \u010duch\u00e1m rybinu, 4.4.2015<\/p><\/div><div class=\"mp-span4\"><a href=\"http:\/\/stindubravy.cz\/wp-content\/uploads\/2017\/02\/12-Kapr-na-pravoboku.jpg\" data-action=\"motopressGalleryLightbox\" target=\"_self\" title=\"Kapr na pravoboku\"><img src=\"http:\/\/stindubravy.cz\/wp-content\/uploads\/2017\/02\/12-Kapr-na-pravoboku-800x600.jpg\" title=\"Kapr na pravoboku\" alt=\"Kapr na pravoboku\" \/><\/a><p class=\"motopress-image-caption\">Kapr na pravoboku, 4.4.2015<\/p><\/div><div class=\"mp-span4\"><a href=\"http:\/\/stindubravy.cz\/wp-content\/uploads\/2017\/02\/DSCF0144.jpg\" data-action=\"motopressGalleryLightbox\" target=\"_self\" title=\"Kdy\u017e nen\u00ed ryba, se\u017eeru aspo\u0148 ten klacek\"><img src=\"http:\/\/stindubravy.cz\/wp-content\/uploads\/2017\/02\/DSCF0144-800x600.jpg\" title=\"Kdy\u017e nen\u00ed ryba, se\u017eeru aspo\u0148 ten klacek\" alt=\"Kdy\u017e nen\u00ed ryba, se\u017eeru aspo\u0148 ten klacek\" \/><\/a><p class=\"motopress-image-caption\">Kdy\u017e nen\u00ed ryba, se\u017eeru aspo\u0148 ten klacek, 4.4.2015<\/p><\/div><\/div><\/div>\n<\/div>\n<\/div>\n","protected":false},"excerpt":{"rendered":"\u010cuch\u00e1m \u010duch\u00e1m rybinu, 4.4.2015Kapr na pravoboku, 4.4.2015Kdy\u017e nen\u00ed ryba, se\u017eeru aspo\u0148 ten klacek, 4.4.2015","protected":false},"author":2,"featured_media":0,"parent":78,"menu_order":3,"comment_status":"closed","ping_status":"closed","template":"template-fullwidth.php","meta":[],"_links":{"self":[{"href":"http:\/\/stindubravy.cz\/index.php?rest_route=\/wp\/v2\/pages\/235"}],"collection":[{"href":"http:\/\/stindubravy.cz\/index.php?rest_route=\/wp\/v2\/pages"}],"about":[{"href":"http:\/\/stindubravy.cz\/index.php?rest_route=\/wp\/v2\/types\/page"}],"author":[{"embeddable":true,"href":"http:\/\/stindubravy.cz\/index.php?rest_route=\/wp\/v2\/users\/2"}],"replies":[{"embeddable":true,"href":"http:\/\/stindubravy.cz\/index.php?rest_route=%2Fwp%2Fv2%2Fcomments&post=235"}],"version-history":[{"count":3,"href":"http:\/\/stindubravy.cz\/index.php?rest_route=\/wp\/v2\/pages\/235\/revisions"}],"predecessor-version":[{"id":493,"href":"http:\/\/stindubravy.cz\/index.php?rest_route=\/wp\/v2\/pages\/235\/revisions\/493"}],"up":[{"embeddable":true,"href":"http:\/\/stindubravy.cz\/index.php?rest_route=\/wp\/v2\/pages\/78"}],"wp:attachment":[{"href":"http:\/\/stindubravy.cz\/index.php?rest_route=%2Fwp%2Fv2%2Fmedia&parent=235"}],"curies":[{"name":"wp","href":"https:\/\/api.w.org\/{rel}","templated":true}]}}