{"id":892,"date":"2017-03-28T11:40:29","date_gmt":"2017-03-28T10:40:29","guid":{"rendered":"http:\/\/stindubravy.cz\/?page_id=892"},"modified":"2017-03-28T11:44:46","modified_gmt":"2017-03-28T10:44:46","slug":"stiny-dubravy","status":"publish","type":"page","link":"http:\/\/stindubravy.cz\/?page_id=892","title":{"rendered":"St\u00edny D\u00fabravy"},"content":{"rendered":"<div class=\"mp-row-fluid motopress-row mpce-dsbl-margin-left mpce-dsbl-margin-right\">\n<div class=\"motopress-clmn mp-span2  mpce-dsbl-margin-left mpce-dsbl-margin-right  motopress-empty mp-hidden-phone\">\n<\/div>\n<div class=\"motopress-clmn mp-span8  mpce-dsbl-margin-left mpce-dsbl-margin-right\">\n<div class=\"motopress-grid-gallery-obj motopress-grid-gallery-obj-basic\"><div class=\"mp-row-fluid\"><div class=\"mp-span6\"><a href=\"http:\/\/stindubravy.cz\/wp-content\/uploads\/2017\/03\/St\u00edn-Pampeli\u0161ka-12.6.2016.jpg\" data-action=\"motopressGalleryLightbox\" target=\"_self\" title=\"St\u00edn Pampeli\u0161ka, 12.6.2016\"><img src=\"http:\/\/stindubravy.cz\/wp-content\/uploads\/2017\/03\/St\u00edn-Pampeli\u0161ka-12.6.2016-800x600.jpg\" title=\"St\u00edn Pampeli\u0161ka, 12.6.2016\" alt=\"St\u00edn Pampeli\u0161ka, 12.6.2016\" \/><\/a><p class=\"motopress-image-caption\">St\u00edn Pampeli\u0161ka, 12.6.2016<\/p><\/div><div class=\"mp-span6\"><a href=\"http:\/\/stindubravy.cz\/wp-content\/uploads\/2017\/03\/St\u00edn-Kesinka-12.6..jpg\" data-action=\"motopressGalleryLightbox\" target=\"_self\" title=\"St\u00edn Kesinka, 12.6.2016\"><img src=\"http:\/\/stindubravy.cz\/wp-content\/uploads\/2017\/03\/St\u00edn-Kesinka-12.6.-800x600.jpg\" title=\"St\u00edn Kesinka, 12.6.2016\" alt=\"St\u00edn Kesinka, 12.6.2016\" \/><\/a><p class=\"motopress-image-caption\">St\u00edn Kesinka, 12.6.2016<\/p><\/div><\/div><\/div>\n<\/div>\n<div class=\"motopress-clmn mp-span2  mpce-dsbl-margin-left mpce-dsbl-margin-right  motopress-empty mp-hidden-phone\">\n<\/div>\n<\/div>\n","protected":false},"excerpt":{"rendered":"St\u00edn Pampeli\u0161ka, 12.6.2016St\u00edn Kesinka, 12.6.2016","protected":false},"author":2,"featured_media":0,"parent":78,"menu_order":11,"comment_status":"closed","ping_status":"closed","template":"template-fullwidth.php","meta":[],"_links":{"self":[{"href":"http:\/\/stindubravy.cz\/index.php?rest_route=\/wp\/v2\/pages\/892"}],"collection":[{"href":"http:\/\/stindubravy.cz\/index.php?rest_route=\/wp\/v2\/pages"}],"about":[{"href":"http:\/\/stindubravy.cz\/index.php?rest_route=\/wp\/v2\/types\/page"}],"author":[{"embeddable":true,"href":"http:\/\/stindubravy.cz\/index.php?rest_route=\/wp\/v2\/users\/2"}],"replies":[{"embeddable":true,"href":"http:\/\/stindubravy.cz\/index.php?rest_route=%2Fwp%2Fv2%2Fcomments&post=892"}],"version-history":[{"count":2,"href":"http:\/\/stindubravy.cz\/index.php?rest_route=\/wp\/v2\/pages\/892\/revisions"}],"predecessor-version":[{"id":896,"href":"http:\/\/stindubravy.cz\/index.php?rest_route=\/wp\/v2\/pages\/892\/revisions\/896"}],"up":[{"embeddable":true,"href":"http:\/\/stindubravy.cz\/index.php?rest_route=\/wp\/v2\/pages\/78"}],"wp:attachment":[{"href":"http:\/\/stindubravy.cz\/index.php?rest_route=%2Fwp%2Fv2%2Fmedia&parent=892"}],"curies":[{"name":"wp","href":"https:\/\/api.w.org\/{rel}","templated":true}]}}